t 11001 (base 2) to base 9.
27
Convert -8 (base 12) to base 8.
-10
Convert 1230 (base 4) to base 12.
90
-104 (base 6) to base 3
-1111
What is 31 (base 7) in base 11?
20
What is -304 (base 7) in base 11?
-128
77 (base 11) to base 16
54
-11 (base 13) to base 14
-10
1a (base 14) to base 9
26
Convert -83 (base 11) to base 2.
-1011011
Convert -3 (base 7) to base 15.
-3
-11 (base 5) to base 12
-6
What is -2220 (base 3) in base 7?
-141
Convert -5 (base 9) to base 16.
-5
What is -4c (base 13) in base 3?
-2101
Convert -121 (base 4) to base 6.
-41
4 (base 9) to base 15
4
Convert 303 (base 4) to base 5.
201
64 (base 15) to base 9
114
What is 3 (base 5) in base 12?
3
What is -1 (base 10) in base 9?
-1
What is -101110 (base 2) in base 8?
-56
Convert 1e (base 15) to base 12.
25
What is 0 (base 13) in base 2?
0
Convert -1011 (base 3) to base 5.
-111
What is -1 (base 7) in base 12?
-1
What is -3 (base 16) in base 2?
-11
-a8 (base 14) to base 15
-9d
Convert -12 (base 5) to base 8.
-7
Convert -32 (base 11) to base 8.
-43
What is 242 (base 5) in base 12?
60
What is 10 (base 5) in base 4?
11
Convert 21 (base 15) to base 12.
27
What is 21010 (base 3) in base 8?
300
Convert 2 (base 12) to base 3.
2
What is 51 (base 6) in base 10?
31
What is -1100 (base 4) in base 5?
-310
91 (base 13) to base 3
11101
What is 17 (base 15) in base 16?
16
-2 (base 6) to base 9
-2
33 (base 14) to base 10
45
Convert -10 (base 7) to base 8.
-7
Convert -1 (base 10) to base 7.
-1
1 (base 3) to base 6
1
Convert a0 (base 13) to base 15.
8a
What is 3 (base 12) in base 10?
3
Convert -2 (base 13) to base 9.
-2
What is 11 (base 9) in base 3?
101
Convert -100 (base 2) to base 16.
-4
-1140 (base 5) to base 11
-145
15 (base 10) to base 13
12
What is 66 (base 10) in base 8?
102
What is -3 (base 7) in base 5?
-3
What is 9 (base 15) in base 12?
9
22 (base 14) to base 13
24
What is -11 (base 2) in base 5?
-3
28 (base 11) to base 7
42
350 (base 6) to base 10
138
122 (base 6) to base 9
55
-9b (base 12) to base 7
-230
What is -10 (base 3) in base 15?
-3
-5 (base 9) to base 7
-5
What is -11 (base 3) in base 14?
-4
What is -113 (base 5) in base 6?
-53
-10 (base 8) to base 7
-11
What is -aa (base 13) in base 2?
-10001100
What is 1b3 (base 12) in base 7?
546
What is 205 (base 10) in base 15?
da
Convert 13 (base 8) to base 13.
b
What is 0 (base 14) in base 6?
0
What is -46 (base 8) in base 11?
-35
-10012 (base 3) to base 10
-86
Convert 0 (base 8) to base 5.
0
Convert 21 (base 8) to base 15.
12
Convert -3 (base 7) to base 15.
-3
What is 5 (base 12) in base 9?
5
126 (base 8) to base 6
222
Convert -2 (base 9) to base 15.
-2
What is 20100 (base 3) in base 4?
2223
2 (base 6) to base 15
2
What is -43 (base 6) in base 3?
-1000
130 (base 4) to base 15
1d
Convert 22 (base 5) to base 14.
c
Convert -4a (base 12) to base 6.
-134
-3 (base 15) to base 5
-3
Convert 111 (base 7) to base 10.
57
1 (base 11) to base 16
1
-10230 (base 4) to base 11
-253
What is -88 (base 9) in base 4?
-1100
What is 1021 (base 3) in base 5?
114
Convert 179 (base 11) to base 10.
207
-89 (base 15) to base 11
-108
Convert 525 (base 6) to base 8.
305
-8 (base 11) to base 16
-8
What is 246 (base 11) in base 16?
124
-33 (base 12) to base 6
-103
What is 11 (base 6) in base 8?
7
Convert 94 (base 10) to base 7.
163
What is -33 (base 6) in base 12?
-19
Convert 1b (base 12) to base 15.
18
22 (base 9) to base 8
24
What is -11100010 (base 2) in base 4?
-3202
What is 24 (base 9) in base 7?
31
Convert 0 (base 5) to base 9.
0
-1 (base 12) to base 3
-1
7 (base 14) to base 5
12
What is -1b (base 15) in base 13?
-20
Convert 46 (base 10) to base 15.
31
Convert 0 (base 7) to base 16.
0
Convert -19 (base 12) to base 2.
-10101
What is -3 (base 14) in base 9?
-3
Convert 1 (base 4) to base 14.
1
What is -10 (base 4) in base 14?
-4
What is -1 (base 14) in base 16?
-1
Convert -14 (base 16) to base 4.
-110
Convert -5 (base 10) to base 13.
-5
-1 (base 4) to base 9
-1
What is -5 (base 6) in base 11?
-5
2 (base 7) to base 15
2
Convert 331 (base 4) to base 13.
49
What is -4 (base 13) in base 7?
-4
Convert 190 (base 11) to base 16.
dc
What is -1 (base 16) in base 14?
-1
6 (base 14) to base 2
110
What is -111 (base 11) in base 9?
-157
-1331 (base 4) to base 3
-11122
What is -2 (base 15) in base 13?
-2
Convert 10001110 (base 2) to base 8.
216
What is -78 (base 12) in base 7?
-161
Convert -120 (base 4) to base 14.
-1a
1 (base 13) to base 2
1
-1c (base 15) to base 6
-43
Convert 124 (base 7) to base 15.
47
Convert 1121 (base 3) to base 11.
3a
Convert -62 (base 7) to base 10.
-44
What is -1 (base 5) in base 4?
-1
Convert 112 (base 7) to base 16.
3a
-9 (base 11) to base 9
-10
Convert 5 (base 16) to base 7.
5
Convert d9 (base 14) to base 5.
1231
What is -201 (base 6) in base 4?
-1021
-11 (base 9) to base 16
-a
What is -11 (base 3) in base 14?
-4
Convert -245 (base 8) to base 5.
-1130
Convert 34 (base 7) to base 13.
1c
What is 1 (base 3) in base 4?
1
1033 (base 4) to base 9
87
34 (base 8) to base 14
20
-11 (base 4) to base 13
-5
Convert 50 (base 16) to base 14.
5a
What is -32 (base 16) in base 2?
-110010
Convert 3103 (base 4) to base 3.
21211
-104 (base 8) to base 4
-1010
What is -12 (base 10) in base 7?
-15
What is 3 (base 14) in base 12?
3
-1 (base 4) to base 6
-1
What is -9 (base 15) in base 5?
-14
What is 1 (base 10) in base 8?
1
-3 (base 9) to base 15
-3
Convert -141 (base 10) to base 12.
-b9
-3 (base 16) to base 9
-3
Convert 1 (base 3) to base 10.
1
What is 12 (base 5) in base 14?
7
Convert 0 (base 10) to base 5.
0
b2 (base 12) to base 3
11222
What is -238 (base 10) in base 4?
-3232
Convert -2 (base 5) to base 2.
-10
-9 (base 11) to base 5
-14
What is 123 (base 5) in base 9?
42
What is 1222 (base 3) in base 2?
110101
What is 1 (base 10) in base 5?
1
10110100 (base 2) to base 14
cc
Convert -224 (base 7) to base 2.
-1110100
-11 (base 3) to base 12
-4
5 (base 7) to base 12
5
-36 (base 15) to base 16
-33
What is -73 (base 10) in base 13?
-58
Convert 24 (base 9) to base 14.
18
20 (base 6) to base 2
1100
100 (base 2) to base 15
4
-88 (base 10) to base 4
-1120
What is 24 (base 6) in base 13?
13
87 (base 10) to base 13
69
Convert 0 (base 5) to base 7.
0
Convert 1021 (base 5) to base 7.
253
What is 11 (base 3) in base 12?
4
Convert -10 (base 14) to base 4.
-32
Convert -1 (base 15) to base 4.
-1
-62 (base 7) to base 12
-38
Convert -1 (base 12) to base 2.
-1
1001010 (base 2) to base 3
2202
What is 3 (base 5) in base 13?
3
What is -10010 (base 2) in base 5?
-33
What is -15 (base 11) in base 15?
-11
What is -126 (base 9) in base 11?
-96
Convert 5 (base 8) to base 2.
101
Convert 62 (base 10) to base 6.
142
Convert -1011101 (base 2) to base 13.
-72
What is 16 (base 15) in base 14?
17
Convert -6 (base 16) to base 3.
-20
Convert 6 (base 10) to base 14.
6
Convert -4a (base 15) to base 5.
-240
What is 2 (base 11) in base 6?
2
Convert -66 (base 9) to base 15.
-40
What is 95 (base 12) in base 6?
305
11 (base 15) to base 10
16
7 (base 9) to base 10
7
Convert 52 (base 9) to base 13.
38
6 (base 15) to base 10
6
-12 (base 4) to base 9
-6
What is -2 (base 4) in base 7?
-2
3 (base 11) to base 13
3
Convert -31 (base 4) to base 3.
-111
-33 (base 4) to base 5
-30
Convert -4 (base 15) to base 14.
-4
Convert 100101 (base 2) to base 15.
27
Convert 0 (base 16) to base 2.
0
-164 (base 7) to base 3
-10112
What is 2121 (base 3) in base 4?
1012
Convert 3 (base 13) to base 10.
3
Convert 14 (base 7) to base 13.
b
-12 (base 11) to base 9
-14
Convert -110 (base 8) to base 13.
-57
6c (base 13) to base 14
66
Convert 4 (base 16) to base 13.
4
1 (base 5) to base 7
1
a4 (base 12) to base 10
124
Convert 5 (base 16) to base 10.
5
19 (base 11) to base 9
22
Convert -3 (base 15) to base 11.
-3
What is 212 (base 10) in base 14?
112
What is 32 (base 13) in base 15?
2b
What is -15 (base 14) in base 4?
-103
Convert 2 (base 14) to base 5.
2
Convert -4 (base 9) to base 10.
-4
6 (base 14) to base 5
11
What is 6 (base 15) in base 4?
12
What is 1033 (base 4) in base 9?
87
1100010 (base 2) to base 8
142
What is -2b (base 13) in base 11?
-34
Convert 0 (base 2) to base 8.
0
What is -102010 (base 3) in base 7?
-606
Convert -115 (base 9) to base 16.
-5f
20 (base 5) to base 9
11
Convert -15 (base 15) to base 16.
-14
What is -5 (base 13) in base